uppose -3*l - d = 8. Let b(k) = k**3 + 9*k**2 + 5*k + 8. Does 15 divide b(l)?
False
Let j(y) = y - 2. Let w be (12/15)/(2/10). Is 2 a factor of j(w)?
True
Let o(b) = b**3 - 6*b**2 - 7*b - 1. Let m = 16 - 10. Let t be o(m). Let w = -7 - t. Is 13 a factor of w?
False
Let s be 5 - (1 - 0 - 0). Suppose -5*z + s*q - 27 = -157, 4*z - 2*q = 104. Does 13 divide z?
True
Suppose 2*y - 216 + 16 = 0. Does 20 divide y?
True
Let a(f) = f**3 - f + 6. Let b be a(0). Suppose b*o = 4*o + 80. Suppose -5*g - o = -355. Is 22 a factor of g?
False
Suppose 2*k - 166 = -4*g - g, 4*k = -2*g + 348. Let h = k + -61. Let t = h + -18. Is 9 a factor of t?
True
Let x(b) be the third derivative of -2*b**2 + 0 - b**3 + 5/24*b**4 + 0*b. Is 12 a factor of x(6)?
True
Let q = 226 - 150. Is q a multiple of 19?
True
Suppose -w + 34 = 4*q, 5*q - 16 = 4. Suppose -4*r + 2*r - 20 = y, -5*y - 93 = 3*r. Does 11 divide (-4)/w + (-526)/y?
False
Let d(v) = -v**3 - 3*v**2 + v + 2. Let k be d(-3). Let w = k - -18. Is w a multiple of 6?
False
Suppose 4*p - 2*r = 36 + 26, -r = 5*p - 81. Suppose 30 = 15*a - 14*a. Let n = a - p. Does 7 divide n?
True
Let w be ((-1)/2 - -1)*2. Let v = w - -1. Suppose 0 = -4*l - 5*p + 94, -v*l - 88 = -5*l + 5*p. Is l a multiple of 13?
True
Suppose 5*q - 214 = 6. Is 10 a factor of q?
False
Suppose g = 1, 4*j - 2*g = 58 + 8. Suppose -2*q + 3*y = -0*q - 25, -q - 3*y = -j. Is q a multiple of 14?
True
Suppose 2*w - 8 = 8. Is w a multiple of 3?
False
Let x(r) = r**3 - 8*r**2 + 6*r + 5. Let k be x(7). Let t be (39*2)/((-2)/k). Suppose 3*p = -3*v + 54, p = 5*v + 6 - t. Is v a multiple of 10?
False
Let n(z) = z**3 - 7*z**2 + 7*z + 1. Is n(6) a multiple of 2?
False
Let g be ((-10)/(-15))/((-2)/(-12)). Suppose -v - 42 = -3*v + g*a, 0 = 3*v + 2*a - 31. Is 13 a factor of v?
True
Suppose -4*h + h - 3 = 0, -c + 3*h + 76 = 0. Let y(n) = 17*n - 1. Let i be y(3). Let u = c - i. Is 8 a factor of u?
False
Suppose -12 = 2*c + 2*x, 4*x = -2*c + c - 3. Let k = c - -5. Is (k - -5 - 2) + 16 a multiple of 15?
False
Let n = -155 + 334. Is 35 a factor of n?
False
Let c be 27/4 - 6/(-24). Suppose -4*q + 15 = -c*q. Is 18 a factor of 3/q + (-465)/(-25)?
True
Let a = 159 + -99. Is a a multiple of 7?
False
Let s = -24 + 38. Suppose -4*i + s = -106. Does 10 divide i?
True
Let v be ((-4)/6)/(7/(-294)). Let g = v - 16. Is g a multiple of 6?
True
Let c be -15*(2 - 7/3). Let i(l) = 20*l - 3 - 2 - 16*l. Does 15 divide i(c)?
True
Let d = -139 - -299. Does 20 divide d?
True
Let u be 21*6*4/18. Suppose -2*o + 92 = 4*b, 0 = 5*o - 2*b - 121 - 109. Let m = o - u. Is m a multiple of 9?
True
Let i(a) = a**2 - a - 10. Is 7 a factor of i(7)?
False
Let w = -6 - -11. Suppose 4*f - 6*m + 2*m = 8, 4*f - w = m. Let u(y) = 32*y + 2. Does 26 divide u(f)?
False
Let z(g) = -14*g + 16. Let k(b) = b - 1. Let q(a) = 12*k(a) + z(a). Is 10 a factor of q(-3)?
True
Let o(g) = g**3 - 2*g**2 - 3*g. Let r be o(3). Let z = 32 + -2. Suppose z = 2*a - r*a. Does 9 divide a?
False
Let t be 4/(-6) + 10/15. Suppose t = -2*q + q + 10. Does 4 divide q?
False
Suppose -6 + 18 = 4*z. Suppose 4*x - x + 18 = 3*b, z*x + b = -26. Is 2 a factor of 42/8 + 2/x?
False
Suppose -9*f + 2*f + 609 = 0. Does 29 divide f?
True
Suppose 0 = 2*j - 4. Suppose -j*d + 14 = -0*d. Is d a multiple of 4?
False
Let r = 18 - 2. Is r a multiple of 8?
True
Let h(w) = w**3 + 8*w**2 - 2*w + 3. Let z(n) = -n**2 + 3*n. Let o be z(2). Suppose s = -10 + o. Is 11 a factor of h(s)?
False
Does 57 divide (13/(-1))/(2/210*-3)?
False
Let t be -12*(-2 + 0 + 1). Suppose 0 = -3*o - t + 33. Suppose 0 = -4*l + o + 13. Does 3 divide l?
False
Let x = -150 - -334. Is 13 a factor of x?
False
Suppose 0 = -4*g + 12 + 8. Suppose 28 = j + 4*i - 9, 0 = 5*j + g*i - 110. Is 11 a factor of j?
False
Let m(t) = -3*t - 2. Let n = 4 - 6. Let j be m(n). Let s(f) = 2*f**2 - 4*f + 3. Is 12 a factor of s(j)?
False
Suppose -p - 4 = 0, -3*b + 3*p - 39 + 18 = 0. Is 4 a factor of (b/(-2))/(6/12)?
False
Suppose 2656 = 17*o - o. Is o a multiple of 13?
False
Suppose -m - 31 = -211. Is 18 a factor of m?
True
Suppose 197 - 53 = 2*x. Let q = x - 28. Does 11 divide q?
True
Let b = 88 + -62. Is 7 a factor of b?
False
Does 26 divide (9/6)/(2/104)?
True
Let w(q) = 16*q. Suppose 5*x + 4 = x. Let g = x + 3. Does 12 divide w(g)?
False
Let u = 4 + -14. Let p = 23 - u. Is p a multiple of 20?
False
Suppose -4*p = -20, 4 = 2*u - 4*p + 32. Suppose -16*i = -17*i - 49. Let v = u - i. Is v a multiple of 16?
False
Suppose 0 = 4*i - 4*v - 160, 0*i - 5*i - 5*v + 190 = 0. Is 13 a factor of i?
True
Let l = 13 + 2. Is 26 a factor of 650/l*24/10?
True
Suppose 3*r = h - 44, -11 = -h + 4*r + 34. Let v = 11 - -4. Let z = h - v. Is z a multiple of 13?
True
Let u(b) = 5*b**2 - 10*b + 7. Let y be u(6). Let m = y - 83. Is m a multiple of 22?
True
Suppose -4*j - 28 = -4*o, -3*o = -7*j + 3*j - 20. Is 8 a factor of o?
True
Let n = 10 - -5. Does 6 divide n?
False
Let f(y) = 14*y + 24*y**3 - 14*y. Is 14 a factor of f(1)?
False
Let g(d) = -d**2 + 6*d - 4. Let s be g(6). Let h = s + 6. Suppose -h*x = p - 2 - 3, 3*x + 3 = 0. Is p a multiple of 4?
False
Let z = -19 + 40. Let l = -9 + z. Suppose -3*d = -l - 18. Does 5 divide d?
True
Suppose 9 + 10 = m + 4*l, 5*l + 10 = 0. Does 27 divide m?
True
Suppose 0 = -5*z - 2*k + 35, z = -3*z - k + 25. Suppose -z*i + 88 = -i. Suppose -5*v + 3*v + i = 0. Is 4 a factor of v?
False
Let r = 178 + -88. Is 16 a factor of r?
False
Is 7 a factor of 4/6 + 410/15?
True
Does 11 divide -2*(-1 + 2)*(-220)/8?
True
Suppose -2*p = 2*p - 5*k - 429, -p + 5*k = -111. Let i = 151 - p. Is 15 a factor of i?
True
Let q be (14/(-2))/(-1 + 0). Suppose -2*t = -3*j - 3 - 1, 0 = -5*j - 3*t - 13. Let s = q - j. Is 9 a factor of s?
True
Suppose 0 = r - 3*q - 9, -4*q - q - 15 = -2*r. Suppose -5*i - a = 2*a - 381, r = -2*a - 6. Let k = i - 38. Is k a multiple of 14?
False
Let y(g) = g**3 + 6*g**2 - 8*g - 3. Let n be y(-7). Let o(q) = q**2 - 2*q - 3. Let s be o(3). Suppose -5*j - n + 434 = s. Is 22 a factor of j?
False
Is 8 a factor of 129/7 - 64/(-112)?
False
Does 22 divide (60 + 7)/((-3)/(-6))?
False
Suppose j - b - 28 = 0, 0 = -j + 5*j - b - 103. Suppose 7*g = 3*g - 5*l - 50, -3*g - 40 = 5*l. Does 6 divide 435/j - (-4)/g?
False
Let n be (-45)/9*(-6)/5. Is 13/3 + n/9 even?
False
Let h(r) = -r - 1. Let f be h(-4). Suppose -132 = -f*p - p. Is 11 a factor of p?
True
Is (-328 - (-4 + 2))*-1 a multiple of 13?
False
Let l(v) = -2*v - v + 5 - v. Is l(-4) a multiple of 21?
True
Let a(f) = 2*f**2 - 12*f - 9. Let p be a(10). Suppose -p + 29 = -j. Is 14 a factor of j?
True
Suppose -6*o + 57 = -183. Is o a multiple of 20?
True
Suppose 9 = 2*n - 5*n, -2*n - 237 = -3*z. Let y = z - 23. Is y a multiple of 16?
False
Suppose -k + 2 = 4*c, k = -k + 5*c + 43. Let r = 21 - k. Is r a multiple of 2?
False
Let x(v) = 23*v**2 - 5*v - 7. Let b(i) = -35*i**2 + 8*i + 11. Let g(u) = 5*b(u) + 8*x(u). Let a be ((-6)/9)/(12/(-18)). Is 7 a factor of g(a)?
False
Suppose -123 = -2*m + 7. Is m a multiple of 22?
False
Let q = 4 + -2. Suppose 4*f - o = 391, -14 = -3*f - q*o + 293. Suppose -2*n - y + 39 = 0, -n = -6*n - 2*y + f. Is n a multiple of 8?
False
Let a be (-12)/9*(-9)/2. Does 12 divide (16/a)/(4/18)?
True
Suppose 0*c + 3*c = 4*j - 28, 12 = j - 2*c. Suppose 2*w - 16 = j. Is 9 a factor of w?
False
Suppose 0*l + 7 = -l. Let s = l + -8. Is 4 a factor of (-21)/(-5) - (-3)/s?
True
Let l(m) = -11*m - 3*m - 8*m - 8. Is 24 a factor of l(-3)?
False
Let d be 0/(-3) - -1 - -31. Suppose 0 = -b - 3*p + 29, -3*b + d = -0*b - 2*p. Is 14 a factor of b?
True
Let b(q) = q**3 + 5*q**2 - 10*q + 3. Is b(3) a multiple of 3?
True
Let v = 5 + -1. Suppose v*c = -c + 355. Is 30 a factor of c?
False
Suppose 5*m - 35 = v - 6*v, 5*m - 33 = -3*v. Let u = 53 + m. Is 27 a factor of u?
False
Suppose 2*j - 112 = -16. Does 8 divide j?
True
Let h(x) = -x**3 - 2*x**2 + x. Let a be h(-3). Let n(j) = 2*j**2 - 7*j - 2. Does 14 divide n(a)?
True
Let s(y) = -y + 14 - 9 + 26. Is s(0) a multiple of 11?
False
Let o = -730 - -1080. Is 33 a factor of o?
False
Let u = -77 - -249. Is 9 a factor of u?
False
Let x = -44 + 67. Suppose -x - 29 = -2*s. Is 26 a factor of s?
True
Let u = 81 - -105. Is u a multiple of 18?
False
Let p = 129 - 73. Is p a multiple of 9?
False
Suppose 0 = 7*m - 161 + 35. Is 2 a factor of m?
True
Le